 Let p = -37 - -26. Let i(s) = -20*s**2 - 14*s - 8. Let t(a) = l*i(a) + p*z(a). Give t(2).
13
Let i(x) be the first derivative of -x**3/3 - 7*x**2/2 + 5*x - 75. Calculate i(-7).
5
Let s(h) be the second derivative of h**4/12 - h**3 - 5*h**2/2 + 4*h. Suppose -2*n + 10 = 0, 3*l - 3*n + 4 = -20. Let c = 9 + l. Calculate s(c).
-5
Let s(n) = -10*n + 8. Let v = -566 - -571. Determine s(v).
-42
Let d = -1 - -9. Suppose -3*c - 13 = -c + 3*f, c + d = -3*f. Let q(i) = i**3 + 5*i**2 - 2. Calculate q(c).
-2
Let i(x) be the second derivative of x**5/20 - 7*x**2/2 - 8*x + 2. Let w be (1 + 7 - 4) + -4. Give i(w).
-7
Let f(d) = -d**3 + d**2 + d + 1. Let r(s) be the first derivative of -s**4/2 + 8*s**3/3 - 3*s**2/2 - 4*s + 17. Let k(p) = 3*f(p) - r(p). Determine k(-5).
-23
Suppose 7*x + 57 = 29. Let u be -5 + (x + 2)*-1. Let s(o) = 2*o**2 + 2*o. Determine s(u).
12
Let y(b) be the third derivative of -b**5/60 - b**4/3 - 2*b**3/3 - 121*b**2. Calculate y(-6).
8
Let b(o) = 2*o**2 - o + 779 - 776 + 4*o. Let g(x) be the first derivative of -x**3/3 - 3*x**2/2 + 2*x + 1. Let u be g(-4). What is b(u)?
5
Let q(y) be the first derivative of -y**3/3 + 9*y**2/2 + 6*y + 189. What is q(12)?
-30
Let l be 3/(-9) + (152/(-12) - -9). Let h(k) = 3*k - 1. Let i(r) = -r. Let b(t) = 2*h(t) + 9*i(t). Determine b(l).
10
Let l(o) = o. Let g(t) = t**3 + t**2 - 3*t - 2. Let r(a) = -g(a) - 3*l(a). Let h = 2038 + -2038. Give r(h).
2
Let s(h) = -596 + 199 + 201 + 201 - 2*h + 4*h. Determine s(-4).
-3
Let n(f) = f**3 + 4*f**2 - 4*f + 2. Let g(o) be the second derivative of o**5/20 - 5*o**4/12 - 7*o**3/6 + o**2/2 + 5*o. Let a be g(6). Calculate n(a).
-3
Suppose 0 = -20*o + 4*o + 128. Let p(a) be the first derivative of a**2 + 9*a - 13. What is p(o)?
25
Let l(r) be the first derivative of -r**3/3 - r**2/2 + 6*r - 334. Suppose m = -4*g + 20, 0 = 7*m - 4*m - 2*g + 10. Calculate l(m).
6
Let a(j) = j**3 + 4*j**2 + 5*j + 5. Let r(u) = u**2 + u + 1. Let y(n) = a(n) - 3*r(n). Suppose -o - o = -3*g + 10, g = 2. What is y(o)?
-6
Suppose 20 = -4*g + 4*k, 3*g + k = -14 - 5. Let l(i) = i - 1. Let s(j) = -3*j + 5. Let h(t) = g*l(t) - s(t). Determine h(-1).
4
Let t(l) = 39*l**2 + 5. Let r(i) = -110*i**2 - 14. Let a(s) = -5*r(s) - 14*t(s). Give a(-3).
36
Let t(b) be the third derivative of -b**6/60 + b**5/30 - b**3/6 + b**2. Let j(y) = -y**2 + 5*y - 1. Suppose -5*n + 20 = -n. Let x be j(n). Give t(x).
3
Let c(s) = -4*s**2 + 3*s + 1. Let a(t) = 10*t**2 - 22*t - 9. Let x(d) = a(d) + 2*c(d). Give x(8).
-7
Suppose -i + u - 25 = 0, 3*i - u = -4*u - 75. Let c be (-10)/i + (-36)/(-10). Let r be (1 - c) + (-24)/8. Let p(f) = -f**2 - 4*f + 3. Determine p(r).
-9
Let i(k) = -k**2 + 2*k - 2. Let c(s) = 1. Let o(b) = -2*c(b) + i(b). Let d(u) = -3*u**2 + 5*u - 12. Let a(m) = -3*d(m) + 8*o(m). Calculate a(-4).
16
Let k = 28 + -5. Let d = 25 - k. Suppose 4*u = 3*z - 35, 0 = -d*u - 3*z + 10 - 5. Let q(w) = w**2 + 4*w + 7. Give q(u).
12
Let a(q) = 2*q. Suppose 4*f = -13*f. Give a(f).
0
Let s(z) = 2 + 2*z**3 - 105*z + 11*z**2 - 8*z**3 + 7*z**3 + 106*z. Give s(-11).
-9
Suppose 5*m - 10 = 10. Let g be 63/28 + (-1)/m. Let f(n) = -1 - 6 + g - n**2 + 5*n. What is f(4)?
-1
Suppose -2*p - 5 = -11. Suppose 0*t = p*t - 15. Suppose 5*q + 40 = -t*a, -3*q + 0*q - 21 = 2*a. Let j(v) = -v**3 - 4*v**2 + 4*v - 2. Give j(q).
3
Let r(i) = i**2 + 2*i. Let y(f) = 2*f**2 + 18*f - 10. Let j(c) = -5*r(c) + y(c). What is j(4)?
-26
Let v(q) = -5*q + 7. Let o(i) = i + 1. Let b(p) = -6*o(p) - v(p). Let z be b(-13). Let y(k) = 1 - 4*k + 5*k + z + 0*k. Calculate y(-1).
0
Let a(d) = d**2 + 3*d - 2. Suppose -3*b + 24 = -5*v, 3*b - 4*b + 9 = -2*v. Let w be v/5 - (-36)/(-15). Let l be 1 + -4 - (2 + w). What is a(l)?
-4
Let j(b) = 2*b. Suppose 0 + 22 = d. Let m = 31 - d. Suppose 5*v + m = 2*i, 0*i + 2*v + 21 = -5*i. What is j(i)?
-6
Suppose -24 = -2*f - 4*b, -28 = -f - 3*f - 4*b. Suppose -4 = -d - f. Let n(k) = -1 - 3*k + 2*k**3 + 0*k**3 - 5*k**d - k**3 + 3. Determine n(5).
-13
Let d(f) = -3 + 1 + 4 - f. Let j be 2/(32/20 + -2) + -1. Determine d(j).
8
Let j(r) = 3*r + 6. Let d(u) = -5*u - 10. Let q(c) = -4*d(c) - 5*j(c). Determine q(-6).
-20
Let r(s) = s - 19. Let u be 39/(((-21)/(-2) - 6)/3). Calculate r(u).
7
Let v(l) = l**2 - l - 1. Let g(d) = d**2 - 2*d - 3. Let q(r) = -g(r) + 2*v(r). Let w(m) = 5*m**2 - 7. Let z(k) = 6*q(k) + w(k). Determine z(1).
10
Let l(q) = -16*q - 3. Let d(z) = 7*z + 2. Let m(b) = 9*d(b) + 4*l(b). Give m(-4).
10
Let f(p) be the third derivative of p**7/5040 - p**6/72 - p**5/12 + 20*p**2. Let d(v) be the third derivative of f(v). Determine d(8).
-2
Let v(k) = k - 6. Let j(t) = -6*t - 8. Let r be j(-5). Suppose 0 = -u - 4*c + r, 2*u + 4*c - 7 = 25. Let y be ((-2)/4)/((-1)/u). What is v(y)?
-1
Suppose -5*k - 18 = -2*k. Let w(c) = 2*c. Let d(t) be the second derivative of -t**3/6 - t**2/2 + 6*t. Let o(y) = 3*d(y) + w(y). Determine o(k).
3
Let s = 17 + 13. Let f = 38 - s. Let o(x) = x - 11. What is o(f)?
-3
Let v = 34 - 30. Let m(l) = 5*l - 2*l + 0*l - l - v. Calculate m(5).
6
Let z(h) = h**3 - 6*h**2 + 2*h - 5. Let f(m) = 3*m**3 - 18*m**2 + 7*m - 15. Let q(u) = 4*f(u) - 11*z(u). Let x be (0 - -1)/(4/20). Give q(x).
0
Let x(p) = -p - 1. Let r be x(-3). Let w(q) = 2*q**2 + 2*q + 758*q**3 + 754*q**3 + 756*q**3 - 3 - 2269*q**3. What is w(r)?
1
Let c = -57 - -59. Let q(s) = s**2 + 0*s**c + 32*s - 35*s. Calculate q(3).
0
Let p(t) be the first derivative of 7 + 11/2*t**2 + 2/3*t**3 + 0*t + 1/8*t**4. Let b(s) be the second derivative of p(s). Give b(-6).
-14
Let f(c) = -c**2 - 2*c + 3. Let u(j) = j - 12. Let x = -6 + 14. Let a be u(x). Determine f(a).
-5
Let m be ((-132)/(-6) - 13) + 3*1. Let c(y) = 3*y - 33. What is c(m)?
3
Let k(o) = -3*o. Let y(i) = i**3 + 6*i**2 - 6*i + 9. Let c be y(-7). Let z be 1*-1*3*22/33. Let a be (-1)/((c + -3)/z). Give k(a).
6
Let x(s) = -30*s**3 + s**2 + s - 1. Let f(p) = -5*p**3 + p. Let a(l) = -2*f(l) + x(l). Let y be 2/4*2*-1. What is a(y)?
21
Let p(v) = v**3 - 4*v**2 + v - 5. Let c be p(4). Let d be (6/10)/(c/10). Let y(t) be the first derivative of -t**3/3 - 4*t**2 + t + 2. Calculate y(d).
13
Let d(j) = -3*j**2 + 4*j - 1. Let i(o) = 14*o**2 - 21*o + 6. Let y(b) = 11*d(b) + 2*i(b). Give y(-1).
-6
Let k(n) = -95 + 88 + n**2 + 33*n - 33*n. Determine k(4).
9
Let c(k) = 0*k**2 + 4*k**2 - 10*k**2 - 3 - k**3 + 5*k**2. Let z be c(-2). Let b(a) = -2*a**3 + 2*a**2 - a. Calculate b(z).
-1
Let k(d) = d**2 + 11*d + 20. Let z(y) = -3*y**2 - 33*y - 60. Let n(g) = -10*k(g) - 3*z(g). Determine n(-10).
-10
Suppose -8 = 4*y - 0. Let d(s) = 4*s**2 + 4 - 2 - s**3 + 3*s - 2 + 1. Give d(y).
19
Let y(n) = -n**2 - n - 1. Let s(m) = -5*m**2 - 11*m + 3. Let f(r) = -11*r**2 - 22*r + 6. Let c(l) = -3*f(l) + 7*s(l). Let p(a) = -c(a) + 3*y(a). Determine p(6).
6
Let o(s) = -s**2 + 30. Let v be o(-5). Let c(l) = l**3 - 6*l**2 + 6*l + 6. Determine c(v).
11
Let p = -19 + 26. Let x(s) = -3*s - s**3 + p*s**2 + 4*s - 6 + s. Determine x(7).
8
Let h(v) be the third derivative of -v**6/120 + v**5/20 - v**4/12 - v**3/3 - 3*v**2 + 15. Calculate h(3).
-8
Suppose 2*m - 5*m = -3. Let t be 30/(-80) + (-297)/(-24). Let g(j) = -22*j + 46*j - t*j**2 - 25*j. Calculate g(m).
-13
Let d(w) = -3*w + 4*w - 6*w. Let p = -180 + 179. Give d(p).
5
Suppose -z = -3*z - 4*k + 4, 5*z - 10 = 2*k. Let h(y) = 5*y + 1. What is h(z)?
11
Let w(j) = 6*j**3 + 19*j**2 + 19*j + 15. Let g(u) = u**3 + 2*u**2 + 3*u + 1. Let m(v) = -5*g(v) + w(v). Determine m(-8).
42
Let b(t) = -10061*t**2 + 5020*t**2 + 5031*t**2 - t**3 + 7 - 9*t. Calculate b(-9).
7
Let g(z) = 4*z - 6. Let j(u) = 4*u - 7. Let i(t) = 6*g(t) - 5*j(t). Suppose 0 = n + 48 + 52 - 104. Calculate i(n).
15
Let h(a) = a**2. Let l = -3 + 6. Let f be l/(2 + (-2)/4). Let i = 3 - f. What is h(i)?
1
Let u(d) = -5*d**2 + d**3 + 0 + 9225*d + 4 - 9230*d. What is u(6)?
10
Let p(r) = 1 + 3*r**2 - 4*r**2 - 118*r**3 + 90*r**3. Determine p(1).
-28
Let s = 1 - 5. Let h be -1 - (2 + -4 - s). Let b(k) = 5. Let i(v) = -2*v + 24. Let d(g) = -4*b(g) + i(g). What is d(h)?
10
Let u(v) = -5*v**2 + 17*v - 10. Let z(t) = 9*t**2 - 33*t + 19. Let d = -15 - -4. Let l(o) = d*u(o) - 6*z(o). Determine l(-10).
-14
Let v(i) = i**2 - 6*i - 4. Suppose 2*x = 2*t - 10, -5*t - x = -2*t - 7. Suppose 0 = -t*g + 12 + 6. Determine v(g).
-4
Let m(v) = -v**2 - 6*v - 2